{"id":70712,"date":"2024-03-25T13:57:27","date_gmt":"2024-03-25T13:57:27","guid":{"rendered":"https:\/\/classipredio.com.br\/produtos\/produto\/cadeira-gamer-corsair-tc100-relaxed-fabric-ate-120kg-com-almofadas-reclinavel-cilindro-de-gas-classe-4-preto-e-cinza-cf-9010052-ww\/"},"modified":"2024-03-25T13:57:39","modified_gmt":"2024-03-25T13:57:39","slug":"cadeira-gamer-corsair-tc100-relaxed-fabric-ate-120kg-com-almofadas-reclinavel-cilindro-de-gas-classe-4-preto-e-cinza-cf-9010052-ww","status":"publish","type":"product","link":"https:\/\/classipredio.com.br\/produtos\/produto\/cadeira-gamer-corsair-tc100-relaxed-fabric-ate-120kg-com-almofadas-reclinavel-cilindro-de-gas-classe-4-preto-e-cinza-cf-9010052-ww\/","title":{"rendered":"Cadeira Gamer Corsair TC100 Relaxed Fabric, At\u00e9 120Kg, Com Almofadas, Reclin\u00e1vel, Cilindro de G\u00e1s Classe 4, Preto e Cinza &#8211; CF-9010052-WW"},"content":{"rendered":"<p>Cadeira Gamer Corsair TC100 Relaxed Fabric, At&eacute; 120Kg, Com Almofadas, Reclin&aacute;vel, Cilindro de G&aacute;s Classe 4, Preto e Cinza &#8211; CF-9010052-WW Recline-se confortavelmente, seja jogando ou trabalhando com a cadeira para jogos CORSAIR TC100 RELAXED &#8211;&nbsp;Material&nbsp;sint&eacute;tico, com um design inspirado em corridas design com uma superf&iacute;cie de assento mais larga. O exterior macio da cadeira permite que voc&ecirc; jogue com conforto. Com suporte lombar ajust&aacute;vel inclu&iacute;do travesseiro e travesseiro de pesco&ccedil;o de espuma viscoel&aacute;stica destac&aacute;vel, voc&ecirc; tem todo o suporte de que precisa durante os jogos. O encosto reclina de 90&deg; a 150&deg;, voc&ecirc; pode recuar depois de uma vit&oacute;ria duramente conquistada.&nbsp;Depois de configurar a cadeira para suas necessidades exatas com um elevador de g&aacute;s classe 4 com faixa de altura de 100 mm e apoios de bra&ccedil;os ajust&aacute;veis, o TC100 RELAXED torna mais f&aacute;cil sentar e jogar.<\/p>\n","protected":false},"excerpt":{"rendered":"<p>Cadeira Gamer Corsair TC100 Relaxed Fabric, At&eacute; 120Kg, Com Almofadas, Reclin&aacute;vel, Cilindro de G&aacute;s Classe 4, Preto e Cinza &#8211; CF-9010052-WW Recline-se confortavelmente, seja jogando ou trabalhando com a cadeira<\/p>\n","protected":false},"featured_media":70713,"comment_status":"closed","ping_status":"open","template":"","meta":[],"product_cat":[1936],"product_tag":[],"class_list":{"0":"post-70712","1":"product","2":"type-product","3":"status-publish","4":"has-post-thumbnail","6":"product_cat-espaco-gamer-cadeiras-gamer-corsair-corsair","8":"first","9":"instock","10":"product-type-external"},"_links":{"self":[{"href":"https:\/\/classipredio.com.br\/produtos\/wp-json\/wp\/v2\/product\/70712","targetHints":{"allow":["GET"]}}],"collection":[{"href":"https:\/\/classipredio.com.br\/produtos\/wp-json\/wp\/v2\/product"}],"about":[{"href":"https:\/\/classipredio.com.br\/produtos\/wp-json\/wp\/v2\/types\/product"}],"replies":[{"embeddable":true,"href":"https:\/\/classipredio.com.br\/produtos\/wp-json\/wp\/v2\/comments?post=70712"}],"wp:featuredmedia":[{"embeddable":true,"href":"https:\/\/classipredio.com.br\/produtos\/wp-json\/wp\/v2\/media\/70713"}],"wp:attachment":[{"href":"https:\/\/classipredio.com.br\/produtos\/wp-json\/wp\/v2\/media?parent=70712"}],"wp:term":[{"taxonomy":"product_cat","embeddable":true,"href":"https:\/\/classipredio.com.br\/produtos\/wp-json\/wp\/v2\/product_cat?post=70712"},{"taxonomy":"product_tag","embeddable":true,"href":"https:\/\/classipredio.com.br\/produtos\/wp-json\/wp\/v2\/product_tag?post=70712"}],"curies":[{"name":"wp","href":"https:\/\/api.w.org\/{rel}","templated":true}]}}