{"id":73771,"date":"2024-03-25T15:28:56","date_gmt":"2024-03-25T15:28:56","guid":{"rendered":"https:\/\/classipredio.com.br\/produtos\/produto\/mousepad-gamer-steelseries-qck-heavy-medio-320x270mm-edition-2020-63836\/"},"modified":"2024-03-25T15:28:59","modified_gmt":"2024-03-25T15:28:59","slug":"mousepad-gamer-steelseries-qck-heavy-medio-320x270mm-edition-2020-63836","status":"publish","type":"product","link":"https:\/\/classipredio.com.br\/produtos\/produto\/mousepad-gamer-steelseries-qck-heavy-medio-320x270mm-edition-2020-63836\/","title":{"rendered":"Mousepad Gamer Steelseries QCK Heavy, M\u00e9dio (320x270mm), Edition 2020 &#8211; 63836"},"content":{"rendered":"<p>Base de borracha extra grossa e antiderrapante elimina movimentos indesejados. Pano micro-tecido QcK exclusivo para controle m\u00e1ximo. Otimizado para movimentos de rastreamento de CPI baixo e alto. Dur\u00e1vel e lav\u00e1vel para facilitar a limpeza. Plataforma de jogos extra espessa. Os mouse pads QcK Heavy apresentam uma base de borracha extra grossa para uma s\u00f3lida plataforma de jogos e uma almofada adicional para o seu pulso. Precis\u00e3o precisa do mouse. Testada pelo principal fabricante de sensores de mouse, a alta contagem de threads e a superf\u00edcie lisa otimizam a precis\u00e3o do rastreamento do mouse para sensores \u00f3pticos e laser. Pano Lend\u00e1rio de Micro-Tecido. Com mais de 10 milh\u00f5es de unidades vendidas, o SteelSeries QcK \u00e9 o auge do desempenho e inova\u00e7\u00e3o da superf\u00edcie. Base antiderrapante: A base de borracha antiderrapante e dur\u00e1vel foi projetada para eliminar movimentos indesejados e fornecer uma plataforma s\u00f3lida para jogos competitivos. Desempenho profissional. Nos \u00faltimos 15 anos, os profissionais de esports confiaram no QcK como seu mousepad preferido, e por uma boa raz\u00e3o: os produtos SteelSeries ganharam mais pr\u00eamios em dinheiro do que qualquer outra marca.<\/p>\n","protected":false},"excerpt":{"rendered":"<p>Base de borracha extra grossa e antiderrapante elimina movimentos indesejados. Pano micro-tecido QcK exclusivo para controle m\u00e1ximo. Otimizado para movimentos de rastreamento de CPI baixo e alto. Dur\u00e1vel e lav\u00e1vel<\/p>\n","protected":false},"featured_media":73772,"comment_status":"closed","ping_status":"open","template":"","meta":[],"product_cat":[1628],"product_tag":[],"class_list":{"0":"post-73771","1":"product","2":"type-product","3":"status-publish","4":"has-post-thumbnail","6":"product_cat-perifericos-mouse-pad-mouse-pad-gamer-mouse-pad-gamer","8":"first","9":"instock","10":"product-type-external"},"_links":{"self":[{"href":"https:\/\/classipredio.com.br\/produtos\/wp-json\/wp\/v2\/product\/73771","targetHints":{"allow":["GET"]}}],"collection":[{"href":"https:\/\/classipredio.com.br\/produtos\/wp-json\/wp\/v2\/product"}],"about":[{"href":"https:\/\/classipredio.com.br\/produtos\/wp-json\/wp\/v2\/types\/product"}],"replies":[{"embeddable":true,"href":"https:\/\/classipredio.com.br\/produtos\/wp-json\/wp\/v2\/comments?post=73771"}],"wp:featuredmedia":[{"embeddable":true,"href":"https:\/\/classipredio.com.br\/produtos\/wp-json\/wp\/v2\/media\/73772"}],"wp:attachment":[{"href":"https:\/\/classipredio.com.br\/produtos\/wp-json\/wp\/v2\/media?parent=73771"}],"wp:term":[{"taxonomy":"product_cat","embeddable":true,"href":"https:\/\/classipredio.com.br\/produtos\/wp-json\/wp\/v2\/product_cat?post=73771"},{"taxonomy":"product_tag","embeddable":true,"href":"https:\/\/classipredio.com.br\/produtos\/wp-json\/wp\/v2\/product_tag?post=73771"}],"curies":[{"name":"wp","href":"https:\/\/api.w.org\/{rel}","templated":true}]}}