{"id":81532,"date":"2024-05-21T17:08:07","date_gmt":"2024-05-21T17:08:07","guid":{"rendered":"https:\/\/classipredio.com.br\/produtos\/produto\/extratora-de-sujeira-britania-bex2000v-1200w-110v\/"},"modified":"2024-05-21T17:08:42","modified_gmt":"2024-05-21T17:08:42","slug":"extratora-de-sujeira-britania-bex2000v-1200w-110v","status":"publish","type":"product","link":"https:\/\/classipredio.com.br\/produtos\/produto\/extratora-de-sujeira-britania-bex2000v-1200w-110v\/","title":{"rendered":"Extratora De Sujeira Brit\u00e2nia BEX2000V 1200W 110v"},"content":{"rendered":"<p>Extratora De Sujeira Brit\u00e2nia BEX2000V 1200WA limpeza perfeita em casas, empresas, hot\u00e9is e muito mais! A Extratora de Sujeira Brit\u00e2nia BEX2000V 3 em 1 1200W conta com a pot\u00eancia ideal para realizar limpezas profundas e eficientes em: carpetes, pisos, estofados, tapetes, sof\u00e1s e muito mais! Garanta a limpeza completa do ambiente.\u00a0Ela \u00e9 3 em 1: extrator, spray de \u00e1gua e soprador; garantindo a m\u00e1xima limpeza do ambiente, extraindo p\u00f3 e l\u00edquidos; proporcionando grande versatilidade para o seu dia a dia. Em caso de manchas e sujeiras mais dif\u00edceis de remover, a fun\u00e7\u00e3o Spray de \u00c1gua auxilia na remo\u00e7\u00e3o.\u00a0A Extratora Brit\u00e2nia conta com dois tanques: um para \u00e1gua com detergente (capacidade m\u00e1xima de 6,8L) e o segundo para \u00e1gua suja (capacidade m\u00e1xima de 16,75L). Ap\u00f3s a remo\u00e7\u00e3o, utilize a fun\u00e7\u00e3o sopro! Pr\u00e1tico em todos os momentos para: secar superf\u00edcies, acender churrasqueiras ou soprar as folhas do quintal.Caracter\u00edsticas do produto:- Fun\u00e7\u00e3o extratora-\u00a0Fun\u00e7\u00e3o aspirador-\u00a0Fun\u00e7\u00e3o spray \u00e1gua-\u00a0P&#8230;<\/p>\n","protected":false},"excerpt":{"rendered":"<p>Extratora De Sujeira Brit\u00e2nia BEX2000V 1200WA limpeza perfeita em casas, empresas, hot\u00e9is e muito mais! A Extratora de Sujeira Brit\u00e2nia BEX2000V 3 em 1 1200W conta com a pot\u00eancia ideal<\/p>\n","protected":false},"featured_media":81533,"comment_status":"closed","ping_status":"open","template":"","meta":[],"product_cat":[2104],"product_tag":[],"class_list":{"0":"post-81532","1":"product","2":"type-product","3":"status-publish","4":"has-post-thumbnail","6":"product_cat-lojas-benoit","8":"first","9":"instock","10":"product-type-external"},"_links":{"self":[{"href":"https:\/\/classipredio.com.br\/produtos\/wp-json\/wp\/v2\/product\/81532","targetHints":{"allow":["GET"]}}],"collection":[{"href":"https:\/\/classipredio.com.br\/produtos\/wp-json\/wp\/v2\/product"}],"about":[{"href":"https:\/\/classipredio.com.br\/produtos\/wp-json\/wp\/v2\/types\/product"}],"replies":[{"embeddable":true,"href":"https:\/\/classipredio.com.br\/produtos\/wp-json\/wp\/v2\/comments?post=81532"}],"wp:featuredmedia":[{"embeddable":true,"href":"https:\/\/classipredio.com.br\/produtos\/wp-json\/wp\/v2\/media\/81533"}],"wp:attachment":[{"href":"https:\/\/classipredio.com.br\/produtos\/wp-json\/wp\/v2\/media?parent=81532"}],"wp:term":[{"taxonomy":"product_cat","embeddable":true,"href":"https:\/\/classipredio.com.br\/produtos\/wp-json\/wp\/v2\/product_cat?post=81532"},{"taxonomy":"product_tag","embeddable":true,"href":"https:\/\/classipredio.com.br\/produtos\/wp-json\/wp\/v2\/product_tag?post=81532"}],"curies":[{"name":"wp","href":"https:\/\/api.w.org\/{rel}","templated":true}]}}